ase 12
-48
Convert 1 (base 4) to base 9.
1
Convert -10 (base 8) to base 9.
-8
What is -187 (base 12) in base 3?
-100011
Convert -10 (base 4) to base 3.
-11
Convert -14e (base 15) to base 5.
-2144
What is -2 (base 9) in base 2?
-10
What is 2 (base 13) in base 5?
2
Convert 3 (base 14) to base 16.
3
-1000 (base 2) to base 7
-11
-6 (base 8) to base 16
-6
Convert 341 (base 7) to base 4.
2300
What is -19 (base 14) in base 16?
-17
-12 (base 5) to base 7
-10
0 (base 10) to base 14
0
Convert 6a (base 11) to base 3.
2211
What is -8 (base 16) in base 10?
-8
32 (base 14) to base 5
134
What is -102 (base 5) in base 2?
-11011
Convert -5 (base 14) to base 11.
-5
Convert 188 (base 10) to base 7.
356
21122 (base 3) to base 14
10a
Convert 5 (base 12) to base 8.
5
Convert 0 (base 11) to base 3.
0
What is -3 (base 12) in base 11?
-3
a0 (base 14) to base 6
352
Convert -12 (base 4) to base 12.
-6
Convert -3 (base 13) to base 6.
-3
Convert 1212 (base 3) to base 12.
42
3 (base 10) to base 5
3
What is -2 (base 11) in base 7?
-2
11011010 (base 2) to base 13
13a
What is 0 (base 8) in base 11?
0
What is -11 (base 2) in base 4?
-3
What is 144 (base 11) in base 15?
b4
Convert -143 (base 11) to base 9.
-206
11 (base 7) to base 11
8
-20 (base 9) to base 14
-14
What is -6 (base 13) in base 16?
-6
-30 (base 11) to base 12
-29
-16 (base 7) to base 2
-1101
-16 (base 12) to base 6
-30
Convert -31 (base 12) to base 9.
-41
Convert -1 (base 5) to base 7.
-1
100 (base 2) to base 16
4
What is 3 (base 9) in base 11?
3
7 (base 9) to base 13
7
-20 (base 3) to base 6
-10
Convert -a0 (base 12) to base 13.
-93
What is -11 (base 13) in base 11?
-13
Convert -1101 (base 2) to base 8.
-15
Convert 2 (base 14) to base 9.
2
What is 6 (base 9) in base 4?
12
0 (base 12) to base 11
0
What is 21 (base 16) in base 4?
201
10 (base 3) to base 13
3
What is -12 (base 8) in base 16?
-a
What is 34 (base 7) in base 11?
23
Convert 3 (base 15) to base 3.
10
What is 1 (base 9) in base 3?
1
-5 (base 13) to base 7
-5
8 (base 15) to base 2
1000
-11 (base 7) to base 2
-1000
Convert 23 (base 5) to base 4.
31
Convert -144 (base 5) to base 16.
-31
What is 6c (base 14) in base 13?
75
Convert -1005 (base 6) to base 2.
-11011101
20 (base 12) to base 11
22
-1100 (base 2) to base 9
-13
Convert -21 (base 13) to base 14.
-1d
Convert -83 (base 16) to base 14.
-95
-53 (base 14) to base 13
-58
345 (base 8) to base 6
1021
-22 (base 3) to base 12
-8
Convert 241 (base 8) to base 2.
10100001
What is 12 (base 16) in base 7?
24
Convert 5 (base 14) to base 4.
11
-2 (base 7) to base 10
-2
-64 (base 12) to base 9
-84
Convert 15 (base 6) to base 15.
b
-9 (base 16) to base 2
-1001
What is -1112 (base 3) in base 2?
-101001
What is -1b (base 12) in base 16?
-17
Convert -28 (base 15) to base 9.
-42
What is -4 (base 14) in base 5?
-4
-11 (base 5) to base 13
-6
What is 2 (base 14) in base 15?
2
-16 (base 10) to base 2
-10000
What is 21 (base 5) in base 10?
11
Convert 3 (base 8) to base 14.
3
-321 (base 7) to base 2
-10100010
10 (base 2) to base 12
2
What is 138 (base 9) in base 10?
116
41 (base 12) to base 3
1211
Convert 4 (base 8) to base 11.
4
What is d (base 15) in base 3?
111
Convert 3 (base 8) to base 12.
3
Convert 247 (base 10) to base 2.
11110111
What is -110000 (base 2) in base 5?
-143
-18 (base 13) to base 16
-15
-441 (base 5) to base 11
-100
What is -10 (base 15) in base 9?
-16
Convert -11 (base 4) to base 11.
-5
Convert 12121 (base 3) to base 4.
2113
Convert -141 (base 9) to base 5.
-433
What is 0 (base 10) in base 14?
0
b (base 13) to base 9
12
What is 0 (base 5) in base 10?
0
0 (base 10) to base 12
0
Convert -124 (base 7) to base 16.
-43
-100 (base 3) to base 5
-14
Convert 54 (base 9) to base 13.
3a
102 (base 4) to base 12
16
Convert -140 (base 6) to base 2.
-111100
What is 3 (base 16) in base 12?
3
3 (base 7) to base 3
10
Convert a0 (base 12) to base 5.
440
Convert 7 (base 12) to base 3.
21
What is -24 (base 16) in base 3?
-1100
9 (base 15) to base 5
14
What is 133 (base 9) in base 12?
93
-67 (base 9) to base 13
-49
Convert -7a (base 11) to base 4.
-1113
-1 (base 6) to base 11
-1
What is 67 (base 12) in base 6?
211
Convert 35 (base 13) to base 16.
2c
-a (base 14) to base 4
-22
207 (base 9) to base 11
144
What is 154 (base 6) in base 16?
46
5 (base 8) to base 12
5
Convert 0 (base 3) to base 8.
0
13 (base 13) to base 15
11
Convert 1a0 (base 11) to base 8.
347
What is 31 (base 8) in base 14?
1b
-1000001 (base 2) to base 9
-72
What is 1000100 (base 2) in base 14?
4c
Convert 100002 (base 3) to base 5.
1440
130 (base 9) to base 7
213
Convert -44 (base 5) to base 6.
-40
What is -313 (base 5) in base 11?
-76
What is -3 (base 5) in base 6?
-3
Convert -30 (base 12) to base 4.
-210
71 (base 16) to base 14
81
What is 7 (base 12) in base 5?
12
Convert 340 (base 5) to base 2.
1011111
1001 (base 5) to base 14
90
35 (base 7) to base 12
22
Convert -14 (base 7) to base 8.
-13
Convert -2 (base 9) to base 3.
-2
What is 23 (base 5) in base 7?
16
Convert 0 (base 9) to base 15.
0
Convert -3 (base 7) to base 9.
-3
Convert 4a (base 14) to base 6.
150
-1 (base 12) to base 11
-1
What is 233 (base 4) in base 2?
101111
What is -21 (base 10) in base 14?
-17
Convert 25 (base 12) to base 8.
35
What is -1 (base 8) in base 13?
-1
-3 (base 4) to base 13
-3
3 (base 12) to base 15
3
What is -39 (base 16) in base 6?
-133
Convert -11 (base 4) to base 9.
-5
-10010001 (base 2) to base 8
-221
Convert -30 (base 4) to base 16.
-c
What is -510 (base 6) in base 15?
-c6
Convert 21 (base 6) to base 9.
14
Convert 3 (base 11) to base 13.
3
What is 4 (base 9) in base 14?
4
-61 (base 7) to base 11
-3a
Convert 9c (base 16) to base 11.
132
What is -2102 (base 3) in base 2?
-1000001
45 (base 8) to base 15
27
Convert -327 (base 11) to base 6.
-1452
What is 3 (base 9) in base 8?
3
Convert -11 (base 15) to base 6.
-24
Convert 9 (base 11) to base 14.
9
Convert 0 (base 7) to base 11.
0
-101 (base 5) to base 6
-42
What is 7a (base 12) in base 5?
334
Convert -5 (base 16) to base 9.
-5
Convert 33 (base 4) to base 3.
120
Convert 3 (base 5) to base 9.
3
-35 (base 14) to base 16
-2f
What is -2 (base 12) in base 13?
-2
What is -7 (base 15) in base 3?
-21
-5 (base 15) to base 10
-5
What is -424 (base 8) in base 12?
-1b0
-133 (base 5) to base 11
-3a
What is a7 (base 14) in base 7?
300
Convert 101 (base 4) to base 15.
12
-47 (base 10) to base 14
-35
Convert 1 (base 12) to base 16.
1
What is 91 (base 15) in base 4?
2020
1b (base 16) to base 9
30
Convert -111110 (base 2) to base 6.
-142
Convert 2 (base 6) to base 16.
2
-314 (base 5) to base 6
-220
What is -10 (base 3) in base 2?
-11
4 (base 14) to base 9
4
a (base 12) to base 3
101
Convert 7 (base 10) to base 2.
111
42 (base 12) to base 4
302
-23 (base 6) to base 7
-21
What is 12 (base 3) in base 9?
5
131 (base 4) to base 16
1d
-1c (base 16) to base 5
-103
What is -4 (base 9) in base 12?
-4
Convert -17 (base 10) to base 6.
-25
What is -42 (base 14) in base 4?
-322
52 (base 13) to base 6
151
Convert -17 (base 13) to base 12.
-18
What is 3 (base 6) in base 14?
3
What is -10 (base 8) in base 5?
-13
Convert 42 (base 7) to base 11.
28
-11 (base 3) to base 11
-4
50 (base 14) to base 10
70
-1 (base 16) to base 11
-1
-3 (base 11) to base 5
-3
What is 3 (base 5) in base 15?
3
What is -612 (base 7) in base 2?
-100101111
Convert 2 (base 7) to base 14.
2
Convert -1 (base 16) to base 14.
-1
Convert -10 (base 5) to base 16.
-5
What is 1 (base 11) in base 14?
1
What is -69 (base 16) in base 14?
-77
Convert -5 (base 9) to base 5.
-10
Convert 11 (base 10) to base 14.
b
-111001 (base 2) to base 13
-45
Convert 68 (base 9) to base 8.
76
What is a5 (base 15) in base 14?
b1
What is 101000100 (base 2) in base 4?
11010
What is -111 (base 2) in base 7?
-10
Convert -71 (base 10) to base 7.
-131
What is -136 (base 7) in base 13?
-5b
What is 2 (base 11) in base 9?
2
Convert 3 (base 14) to base 8.
3
What is -127 (base 13) in base 14?
-106
Convert 3 (base 8) to base 13.
3
What is -31 (base 8) in base 10?
-25
-2 (base 12) to base 16
-2
What is -216 (base 8) in base 3?
-12021
What is 2 (base 7) in base 16?
2
What is -2 (base 7) in base 15?
-2
0 (base 3) to base 4
0
What is 11 (base 15) in base 11?
15
What is 174 (base 15) in base 5?
2314
10 (base 10) to base 16
a
-20 (base 3) t